{"id":113,"date":"2019-10-04T16:15:57","date_gmt":"2019-10-04T14:15:57","guid":{"rendered":"https:\/\/www.ranimo.de\/?page_id=113"},"modified":"2024-02-12T15:52:27","modified_gmt":"2024-02-12T14:52:27","slug":"impressum","status":"publish","type":"page","link":"https:\/\/www.ranimo.de\/index.php\/impressum\/","title":{"rendered":"Impressum"},"content":{"rendered":"<div class=\"wp-block-image\">\n<figure class=\"alignleft is-resized\"><img loading=\"lazy\" decoding=\"async\" width=\"150\" height=\"150\" src=\"https:\/\/www.ranimo.de\/wp-content\/uploads\/2019\/07\/RANIMO_Logo-1.png\" alt=\"RANIMO Logo\" class=\"wp-image-31\" style=\"width:150px;height:150px\"\/><\/figure><\/div>\n\n\n<p> <\/p>\n\n\n\n<p><\/p>\n\n\n\n<p>Name des Vereins&nbsp;&nbsp;&nbsp;&nbsp;&nbsp;&nbsp;&nbsp;&nbsp;&nbsp;&nbsp;&nbsp;&nbsp;&nbsp;&nbsp;&nbsp;&nbsp;&nbsp; &nbsp;&nbsp;&nbsp;&nbsp;&nbsp;&nbsp;&nbsp;&nbsp;&nbsp;&nbsp;&nbsp; RANIMO e.V.<\/p>\n\n\n\n<p>Vereinssitz\n&nbsp;&nbsp;&nbsp;&nbsp;&nbsp;&nbsp;&nbsp;&nbsp;&nbsp;&nbsp;&nbsp;&nbsp;&nbsp;&nbsp;&nbsp;&nbsp;&nbsp;&nbsp;&nbsp;&nbsp;&nbsp;&nbsp;&nbsp;&nbsp;&nbsp;&nbsp;&nbsp;&nbsp; &nbsp;&nbsp;&nbsp;&nbsp;&nbsp;&nbsp;&nbsp;&nbsp;&nbsp;&nbsp;&nbsp; Hamburg <\/p>\n\n\n\n<p>Registergericht &nbsp;&nbsp;&nbsp;&nbsp;&nbsp;&nbsp;&nbsp;&nbsp;&nbsp;&nbsp;&nbsp;&nbsp;&nbsp;&nbsp;&nbsp;&nbsp;&nbsp;&nbsp;&nbsp;&nbsp; &nbsp;&nbsp;&nbsp;&nbsp;&nbsp;&nbsp;&nbsp;&nbsp;&nbsp;&nbsp;&nbsp;  Amtsgericht Hamburg <\/p>\n\n\n\n<p>Registernummer:  69VR23708<\/p>\n\n\n\n<p>Gesch\u00e4ftsstelle:\u00a0\u00a0RANIMO e.V. c\/o Claus Karkotz, Stein-Hardenberg-Stra\u00dfe 95B, D-22045 Hamburg \u00a0\u00a0\u00a0\u00a0\u00a0\u00a0\u00a0                    <\/p>\n\n\n\n<p>E-Mail: <a href=\"mailto:service@ranimo.de\">service@ranimo.de<\/a> \u2022 fon: +49 (0) 176 48 28 37 87 <\/p>\n\n\n\n<p>Vorstand: 1.Vorsitzender\/Pr\u00e4sident: Claus Karkotz \u2022 2.Vorsitzender\/Vizepr\u00e4sident: Andreas Gosch \u2022        Kassiererin\/Finanzvorstand: Waltraud Schneider<\/p>\n\n\n\n<p>Das Impressum gilt f\u00fcr &gt;&gt;&gt; https:\/\/www.ranimo.de\/<\/p>\n\n\n\n<p>Gl\u00e4ubiger-Id. DE11 ZZZ0 0002 1427 92 \u2022 Steuernummer 17\/452713363<\/p>\n\n\n\n<p>Vertretungsberechtigt f\u00fcr den Verein ist der Vorstand.   Jeweils zwei Vorstandsmitglieder vertreten den Verein gemeinsam.                 <\/p>\n\n\n\n<p>Alle auf den Webseiten gezeigten  Bilder, Texte und sonstige Darstellungen entsprechen dem RANIMO-Programm zum Zeitpunkt der Erstellung. \u00c4nderungen bleiben  vorbehalten. <\/p>\n\n\n\n<p>Trotz \nsorgf\u00e4ltiger inhaltlicher Kontrolle \u00fcbernehmen wir keine Haftung f\u00fcr die\n Inhalte externer Links. F\u00fcr den Inhalt der verlinkten Seiten sind \nausschlie\u00dflich deren Betreiber verantwortlich. <\/p>\n\n\n\n<p>Die  Programme, deren Daten und Bilder sind urheberrechtlich gesch\u00fctzt.  Jedes Kopieren oder Vervielf\u00e4ltigen, auch auf Datentr\u00e4gern oder in  andere Systeme, ist nur mit ausdr\u00fccklicher Genehmigung von RANIMO erlaubt.  Anderenfalls liegt ein Versto\u00df gegen das Urheberrecht vor. Die RANIMO-Namensgebung  ist zudem markenrechtlich gesch\u00fctzt.<\/p>\n\n\n\n<p>Verantwortlicher i.S.d. \u00a7 55 Abs. 2 RStV: \u00a0\u00a0\u00a0 Claus Karkotz<\/p>\n\n\n\n<p> <\/p>\n","protected":false},"excerpt":{"rendered":"<p>Name des Vereins&nbsp;&nbsp;&nbsp;&nbsp;&nbsp;&nbsp;&nbsp;&nbsp;&nbsp;&nbsp;&nbsp;&nbsp;&nbsp;&nbsp;&nbsp;&nbsp;&nbsp; &nbsp;&nbsp;&nbsp;&nbsp;&nbsp;&nbsp;&nbsp;&nbsp;&nbsp;&nbsp;&nbsp; RANIMO e.V. Vereinssitz &nbsp;&nbsp;&nbsp;&nbsp;&nbsp;&nbsp;&nbsp;&nbsp;&nbsp;&nbsp;&nbsp;&nbsp;&nbsp;&nbsp;&nbsp;&nbsp;&nbsp;&nbsp;&nbsp;&nbsp;&nbsp;&nbsp;&nbsp;&nbsp;&nbsp;&nbsp;&nbsp;&nbsp; &nbsp;&nbsp;&nbsp;&nbsp;&nbsp;&nbsp;&nbsp;&nbsp;&nbsp;&nbsp;&nbsp; Hamburg Registergericht &nbsp;&nbsp;&nbsp;&nbsp;&nbsp;&nbsp;&nbsp;&nbsp;&nbsp;&nbsp;&nbsp;&nbsp;&nbsp;&nbsp;&nbsp;&nbsp;&nbsp;&nbsp;&nbsp;&nbsp; &nbsp;&nbsp;&nbsp;&nbsp;&nbsp;&nbsp;&nbsp;&nbsp;&nbsp;&nbsp;&nbsp; Amtsgericht Hamburg Registernummer: 69VR23708 Gesch\u00e4ftsstelle:\u00a0\u00a0RANIMO e.V. c\/o Claus Karkotz, Stein-Hardenberg-Stra\u00dfe 95B, D-22045 Hamburg \u00a0\u00a0\u00a0\u00a0\u00a0\u00a0\u00a0 E-Mail: service@ranimo.de \u2022 fon: +49 (0) 176 48 28 37 87 Vorstand: 1.Vorsitzender\/Pr\u00e4sident: Claus Karkotz \u2022 2.Vorsitzender\/Vizepr\u00e4sident: Andreas Gosch \u2022 Kassiererin\/Finanzvorstand: Waltraud Schneider Das Impressum gilt f\u00fcr &gt;&gt;&gt; [&hellip;]<\/p>\n","protected":false},"author":2,"featured_media":0,"parent":0,"menu_order":0,"comment_status":"closed","ping_status":"closed","template":"","meta":{"footnotes":""},"_links":{"self":[{"href":"https:\/\/www.ranimo.de\/index.php\/wp-json\/wp\/v2\/pages\/113"}],"collection":[{"href":"https:\/\/www.ranimo.de\/index.php\/wp-json\/wp\/v2\/pages"}],"about":[{"href":"https:\/\/www.ranimo.de\/index.php\/wp-json\/wp\/v2\/types\/page"}],"author":[{"embeddable":true,"href":"https:\/\/www.ranimo.de\/index.php\/wp-json\/wp\/v2\/users\/2"}],"replies":[{"embeddable":true,"href":"https:\/\/www.ranimo.de\/index.php\/wp-json\/wp\/v2\/comments?post=113"}],"version-history":[{"count":18,"href":"https:\/\/www.ranimo.de\/index.php\/wp-json\/wp\/v2\/pages\/113\/revisions"}],"predecessor-version":[{"id":288,"href":"https:\/\/www.ranimo.de\/index.php\/wp-json\/wp\/v2\/pages\/113\/revisions\/288"}],"wp:attachment":[{"href":"https:\/\/www.ranimo.de\/index.php\/wp-json\/wp\/v2\/media?parent=113"}],"curies":[{"name":"wp","href":"https:\/\/api.w.org\/{rel}","templated":true}]}}